0
What is 1506402 (base 12) in base 3?
21222110200102
Convert 475523 (base 9) to base 7.
2301246
Convert 2205313 (base 6) to base 15.
22926
What is -110202020202011 (base 3) in base 15?
-8dc9ea
Convert 11035a (base 16) to base 15.
170565
10212100220 (base 3) to base 12
38043
What is 11250764 (base 9) in base 8?
24663522
-2463045 (base 7) to base 6
-10452110
Convert -8434 (base 13) to base 8.
-43567
-62696 (base 11) to base 12
-44a37
Convert 823683 (base 9) to base 11.
303925
Convert 2220122201010 (base 3) to base 6.
53103303
What is -955c8 (base 13) in base 14?
-70095
Convert bcb45 (base 15) to base 4.
2102131223
-1053659 (base 10) to base 8
-4011733
Convert -115040113 (base 6) to base 13.
-5bc638
What is 10110010011110 (base 2) in base 7?
45205
Convert -f41a3 (base 16) to base 2.
-11110100000110100011
Convert 17005 (base 12) to base 2.
1000000001000101
What is 113002212 (base 4) in base 16?
170a6
Convert -1051663 (base 10) to base 8.
-4006017
2023050 (base 6) to base 16
17946
What is -c284d (base 16) in base 11?
-4a4678
What is 82894 (base 11) in base 14?
3208d
706075 (base 8) to base 6
4552233
Convert 104000434 (base 5) to base 11.
28a590
23030001 (base 5) to base 7
1512446
-f8474 (base 16) to base 13
-297b5a
-44563105 (base 7) to base 8
-16573344
Convert 1175655 (base 10) to base 11.
733318
What is -bd9906 (base 14) in base 13?
-14471c9
What is -3443244440 (base 5) in base 11?
-4441232
What is 11001001101100110110000 (base 2) in base 6?
353354424
What is -dc0bc (base 16) in base 8?
-3340274
-20256125 (base 8) to base 15
-5992a2
What is -a5a120 (base 12) in base 10?
-2609448
-3015251 (base 6) to base 5
-14024242
-134657 (base 13) to base 4
-1301332202
What is -214733 (base 8) in base 12?
-3590b
-181424 (base 9) to base 4
-123133210
What is -110549 (base 12) in base 16?
-42009
What is 7c7a83 (base 15) in base 13?
1303abb
What is be86 (base 15) in base 9?
61370
Convert c0035 (base 14) to base 12.
1a297b
-2416675 (base 9) to base 5
-313414232
What is -25415330 (base 6) in base 4?
-3021312012
What is -2770860 (base 10) in base 7?
-32360211
-162a73 (base 11) to base 14
-68209
Convert 1812b (base 13) to base 4.
23110013
Convert -86a13 (base 11) to base 13.
-45674
Convert -a75b35 (base 16) to base 8.
-51655465
Convert 1211010000010 (base 3) to base 9.
1733003
995128 (base 13) to base 11
2046174
-10110111100100000110001 (base 2) to base 12
-2020b01
732291a (base 11) to base 13
28a3599
What is -7c68c (base 16) in base 10?
-509580
Convert 1a0b63a (base 13) to base 6.
503324345
Convert -2241553 (base 7) to base 14.
-73a2a
-41341030 (base 5) to base 12
-144a10
Convert 43450533 (base 7) to base 10.
3726621
59a60c (base 13) to base 16
2099be
10221122102112 (base 3) to base 15
2b6e52
458c1 (base 13) to base 4
132330102
What is 954b (base 16) in base 10?
38219
What is -238194 (base 11) in base 3?
-201011000011
What is 1226720 (base 12) in base 14?
680b68
Convert -aa62 (base 15) to base 7.
-210140
What is 696374 (base 10) in base 9?
1271218
What is 108262 (base 9) in base 3?
10022022002
Convert 111014030 (base 5) to base 15.
98cca
Convert -551355 (base 7) to base 3.
-11220110200
d6ee0d (base 15) to base 12
3511a1a
Convert -10111101022200 (base 3) to base 13.
-500760
Convert 12311333 (base 4) to base 15.
848b
4634244 (base 7) to base 14
1115cb
What is -55544235 (base 7) in base 15?
-64c830
Convert b1944 (base 13) to base 12.
133bb5
What is -4100053 (base 6) in base 16?
-2f781
1730016 (base 8) to base 5
112110242
What is -215b20 (base 12) in base 14?
-da928
-62734 (base 11) to base 8
-262400
10541100 (base 6) to base 16
4f29c
What is 302545421 (base 6) in base 8?
23600165
Convert 27320773 (base 9) to base 7.
222360222
What is -77896a (base 12) in base 13?
-517a65
Convert -500025 (base 9) to base 15.
-5c748
Convert 53612 (base 8) to base 13.
a27b
What is -392cd (base 16) in base 2?
-111001001011001101
Convert a4587 (base 14) to base 12.
171377
What is -33003123 (base 4) in base 15?
-13409
Convert -111014022 (base 5) to base 11.
-301855
What is -1729680 (base 14) in base 10?
-11397120
What is 36463563 (base 8) in base 2?
11110100110011101110011
What is -101011011011011001 (base 2) in base 4?
-223123121
What is -3d8e5 (base 16) in base 11?
-162482
113323201 (base 4) to base 11
67707
What is -11021100202222 (base 3) in base 9?
-4240688
-242433312 (base 5) to base 11
-709411
What is 3674964 (base 10) in base 3?
20220201002210
Convert -1353420 (base 11) to base 3.
-11101111110212
-292f (base 16) to base 12
-6127
What is -432307 (base 8) in base 16?
-234c7
-40664061 (base 7) to base 11
-1a1a67a
Convert -130168 (base 9) to base 16.
-1341b
Convert -47099 (base 15) to base 16.
-373dd
10302203303 (base 4) to base 14
249867
-74994a (base 14) to base 5
-2002214313
What is -1420231 (base 7) in base 15?
-3b384
What is 764903 (base 10) in base 5?
143434103
What is 335280 (base 11) in base 2?
10000010011000101101
Convert -4515664 (base 8) to base 12.
-4a9898
-1223214124 (base 5) to base 14
-569310
What is 1146461 (base 7) in base 9?
242678
What is 12d0a (base 16) in base 6?
1352442
Convert 40604422 (base 8) to base 3.
121011021212222
What is 1142221311 (base 5) in base 8?
12220046
Convert ad7c1 (base 14) to base 8.
1466775
628ee1 (base 15) to base 14
8a0593
Convert -2411070 (base 10) to base 3.
-11112111100220
Convert -104802 (base 9) to base 16.
-f497
62246 (base 8) to base 15
797b
What is -111112102220 (base 3) in base 14?
-6d130
-2228d (base 14) to base 9
-135561
505a16 (base 12) to base 13
34bb85
21012112011 (base 3) to base 15
2c03d
Convert -11a463 (base 12) to base 3.
-112121101010
What is -211a78 (base 12) in base 3?
-222111120202
What is 1144344034 (base 5) in base 8?
12326210
Convert -9056 (base 16) to base 12.
-19472
What is 10100000011110110001 (base 2) in base 8?
2403661
-d361 (base 16) to base 14
-15a13
What is 2b75dc (base 14) in base 5?
342043411
1166bb (base 14) to base 8
2210175
-140673 (base 15) to base 14
-1b10d7
What is 10212021112012 (base 3) in base 8?
7650646
What is 22304 (base 7) in base 13?
274a
Convert 232310142 (base 5) to base 12.
42b78a
Convert -2732731 (base 10) to base 7.
-32141101
-7941954 (base 10) to base 13
-1850ba7
453b (base 16) to base 9
26272
Convert -7269c4 (base 13) to base 7.
-31463164
Convert -20220212010 (base 3) to base 9.
-226763
10352164 (base 7) to base 11
556257
Convert -32320321 (base 4) to base 12.
-2b361
Convert -4402446 (base 11) to base 2.
-11101100000000110001100
-505054 (base 7) to base 16
-14f1d
What is -211320101130 (base 4) in base 15?
-d12280
-253425 (base 8) to base 15
-1b054
What is 131017 (base 10) in base 11?
8a487
Convert 17272308 (base 9) to base 2.
100001000100011001110110
Convert 761552 (base 11) to base 10.
1217196
-48606 (base 11) to base 16
-11138
Convert -502512251 (base 6) to base 15.
-b3806d
1204914 (base 10) to base 16
1262b2
Convert 36037 (base 10) to base 3.
1211102201
Convert -524723 (base 11) to base 13.
-23589a
What is -11220121122211 (base 3) in base 12?
-a5a711
What is -122341 (base 6) in base 13?
-4c90
Convert 111022112201021 (base 3) to base 9.
14275637
What is -19b213 (base 14) in base 5?
-213223121
Convert -56875 (base 10) to base 12.
-28ab7
Convert 24815304 (base 9) to base 10.
12174547
What is 101010100101100101 (base 2) in base 15?
36a42
Convert -25a94 (base 12) to base 7.
-303424
Convert -34c06 (base 16) to base 2.
-110100110000000110
-557429 (base 11) to base 5
-211411132
-11042224 (base 5) to base 11
-66606
Convert 11713362 (base 8) to base 11.
1512359
-365a153 (base 11) to base 4
-120102213003
Convert 107a094 (base 11) to base 8.
7146345
8b363 (base 12) to base 7
1401351
What is -3125432 (base 7) in base 4?
-1123322222
-1033728 (base 9) to base 13
-165170
What is -20110212202221 (base 3) in base 13?
-9369b8
What is -152555 (base 8) in base 2?
-1101010101101101
Convert 2150846 (base 9) to base 3.
2011200221120
-45576 (base 13) to base 15
-275b6
Convert 4606788 (base 11) to base 12.
284925b
122232001 (base 5) to base 13
176c56
Convert 200203310 (base 4) to base 5.
13231424
What is -221122100121 (base 3) in base 8?
-1731627
Convert 1502142 (base 7) to base 10.
202449
What is 20010100100 (base 3) in base 7?
1011264
Convert -8540700 (base 9) to base 13.
-c41982
What is 4fb247 (base 16